ne d(5).
5
Let d(u) = 43*u - 223. Determine d(9).
164
Let p(d) = -d**2 - 152*d + 2546. Give p(15).
41
Let r(n) = -6*n**3 + 1529*n**2 + 270*n - 3833. Determine r(255).
-8
Let y(c) = -66*c + 3803. Give y(56).
107
Let d(g) = -41*g + 30. What is d(1)?
-11
Let g(h) = -3*h**2 - 120*h + 249. Give g(-42).
-3
Let k(l) = -l**2 - 149*l - 2960. Give k(-23).
-62
Let n(b) = 8*b**3 + 14*b**2 + 7*b + 5. What is n(-1)?
4
Let r(l) = -l**3 + 8*l**2 - 6*l + 42. Give r(8).
-6
Let w(h) = -5123*h - 35854. Calculate w(-7).
7
Let a(k) = 546*k - 8. Determine a(0).
-8
Let b(s) = -12*s**2 + 41*s + 184. Give b(-6).
-494
Let w(y) = -14*y**2 - 25*y + 2. Calculate w(-3).
-49
Let f(w) = -52*w + 70. Calculate f(6).
-242
Let s(n) = n**2 + 15*n - 693. Give s(-35).
7
Let u(r) = -207*r + 1692. Calculate u(9).
-171
Let h(m) = -114*m + 786. Determine h(7).
-12
Let p(r) = -2*r**3 + 21*r**2 - 30*r + 27. Calculate p(9).
0
Let w(x) = -3*x + 91. What is w(20)?
31
Let i(b) = b**3 - 7*b**2 + 8*b - 64. Determine i(7).
-8
Let v(p) = -8*p**2 - 82*p - 235. Give v(-6).
-31
Let b(n) = -7*n**3 + 14*n**2 + 6*n + 6. Determine b(5).
-489
Let d(q) = 2952*q - 14796. Determine d(5).
-36
Let u(f) = -f**3 + 24*f**2 - 150*f + 127. Give u(7).
-90
Let w(n) = 10*n**3 + 119*n**2 - 5*n + 68. Calculate w(-12).
-16
Let r(v) = 2*v**2 + 42*v - 32. Give r(-20).
-72
Let b(s) = -227*s - 9777. Determine b(-43).
-16
Let w(a) = 4*a**3 - 132*a**2 + 18*a - 709. What is w(33)?
-115
Let l(h) = 48*h + 523. Calculate l(-12).
-53
Let q(z) = z**2 + 15*z - 30. Give q(7).
124
Let l(a) = 2*a**2 - 71*a + 605. Give l(14).
3
Let r(t) = t**2 - 19*t - 356. Calculate r(30).
-26
Let d(r) = 2*r**2 - 50*r + 357. What is d(7)?
105
Let i(g) = -2*g**3 + 15*g**2 + 27. Determine i(8).
-37
Let m(v) = -v**2 - 19*v + 95. Calculate m(-22).
29
Let t(l) = 2*l**2 + 35*l + 172. Calculate t(-6).
34
Let h(p) = 4*p**3 - 2*p**2 - 41*p + 43. Give h(1).
4
Let q(n) = -36*n - 81. Give q(-7).
171
Let u(p) = -33*p - 472. What is u(-14)?
-10
Let j(a) = -309*a + 1312. Give j(7).
-851
Let b(p) = p**2 + 3*p - 2760. Determine b(51).
-6
Let x(a) = 94*a + 11878. Calculate x(-127).
-60
Let l(g) = 28*g**2 + 113*g + 2. Determine l(-4).
-2
Let j(i) = i**3 - 6*i**2 + 5*i + 7. Calculate j(6).
37
Let u(g) = 12*g**3 - 10*g**2 - 40*g - 7. Give u(-2).
-63
Let z(p) = 21*p - 239. Calculate z(12).
13
Let v(a) = a**2 - 50*a + 340. Determine v(40).
-60
Let w(n) = n**3 - 292*n**2 + 1113*n + 11229. What is w(288)?
-3
Let t(k) = -15*k**2 - 324*k + 99. Give t(-22).
-33
Let w(g) = 265*g - 1123. What is w(4)?
-63
Let z(a) = -2*a**3 - 82*a**2 - 75*a + 238. Determine z(-40).
38
Let z(a) = -a**3 - 47*a**2 + 57*a + 402. What is z(-48)?
-30
Let s(n) = -72*n**2 + 1257*n - 560. Give s(17).
1
Let d(b) = 127*b + 771. Give d(-6).
9
Let q(i) = i**3 + 150*i**2 + 9*i + 1349. What is q(-150)?
-1
Let h(s) = s**2 - 28*s + 106. Determine h(26).
54
Let s(x) = x**3 - 10*x**2 - 10*x - 82. Determine s(12).
86
Let a(u) = 8*u**2 - 112*u + 19. What is a(10)?
-301
Let w(z) = -z**3 + 47*z**2 - 102*z + 586. Give w(45).
46
Let j(f) = -f**3 + 19*f**2 - 49*f - 1. Determine j(3).
-4
Let t(w) = -1096*w - 4554. What is t(-4)?
-170
Let r(m) = -191*m - 5539. What is r(-29)?
0
Let b(h) = h**2 - 8*h - 117. What is b(-7)?
-12
Let n(x) = 276*x - 4973. Determine n(18).
-5
Let m(a) = -a**3 - 10*a**2 - 8*a - 14. Determine m(-9).
-23
Let l(c) = 2*c**2 + 263*c - 141. Give l(-132).
-9
Let n(b) = -b**2 + 51*b - 448. Determine n(42).
-70
Let o(u) = -u**2 - 175*u - 7633. Calculate o(-83).
3
Let k(w) = 51*w + 465. Give k(-12).
-147
Let h(d) = -9*d**2 - 9*d - 4. What is h(2)?
-58
Let w(l) = -2*l**3 + 23*l**2 - 6*l - 179. Give w(11).
-124
Let p(b) = -3*b - 121. Give p(8).
-145
Let y(b) = b**2 - 2*b - 293. Give y(19).
30
Let p(h) = h**3 + 57*h**2 + 219*h + 374. Determine p(-53).
3
Let y(p) = 2*p**2 - 56*p - 103. Determine y(18).
-463
Let d(z) = -z**3 - 31*z**2 - 234*z - 74. Calculate d(-12).
-2
Let k(c) = -c**2 - 194*c + 4019. What is k(19)?
-28
Let h(w) = 5*w**2 - 29*w + 2. What is h(3)?
-40
Let u(t) = t**3 - 12*t**2 - 16*t + 396. Determine u(9).
9
Let r(v) = -911*v + 6378. Determine r(7).
1
Let x(d) = -101*d - 1494. Determine x(-15).
21
Let v(s) = 5*s**3 - 13*s**2 + 2*s - 4. Calculate v(2).
-12
Let o(y) = -114*y - 11059. Calculate o(-97).
-1
Let a(v) = -10*v**3 - 94*v**2 - 21*v + 64. Give a(-9).
-71
Let d(x) = -2*x**2 + 194*x - 1083. Give d(6).
9
Let r(v) = 7*v**2 + 80*v + 78. Calculate r(-1).
5
Let q(u) = 2*u**3 - 559*u**2 - 896*u + 14889. Give q(281).
-4
Let w(b) = -b**2 + 31*b + 463. Determine w(-14).
-167
Let y(g) = 442*g - 5296. Determine y(12).
8
Let u(a) = -51*a + 1699. Give u(34).
-35
Let n(y) = -23*y**3 - 436*y**2 + 19*y - 1. Give n(-19).
-1
Let r(z) = z**2 - 574*z - 53052. What is r(-81)?
3
Let x(d) = -d**2 + 138*d - 790. Calculate x(6).
2
Let j(p) = 54*p + 638. What is j(-9)?
152
Let w(s) = 9*s - 542. Calculate w(58).
-20
Let o(w) = -w**2 - 29*w + 184. Calculate o(6).
-26
Let w(k) = -75*k + 562. Give w(5).
187
Let p(w) = w**3 + 11*w**2 + 19*w + 206. Give p(-9).
197
Let t(b) = -7*b**2 - 82*b + 13. Determine t(-12).
-11
Let i(u) = -12*u + 86. Determine i(14).
-82
Let g(a) = 2*a**2 - 5*a - 4. Determine g(6).
38
Let b(l) = -l**2 + 11*l + 874. Calculate b(35).
34
Let u(d) = -d**3 - 7*d**2 + 30*d + 26. Give u(-10).
26
Let g(j) = j**3 - 31*j**2 - 202*j - 83. Give g(-5).
27
Let p(a) = a**2 - 13*a - 49. Calculate p(11).
-71
Let k(m) = 1690*m - 1627. Determine k(1).
63
Let d(z) = 60166*z - 120340. Calculate d(2).
-8
Let s(j) = 6*j - 200. Calculate s(26).
-44
Let f(n) = -n**2 + 24*n + 495. What is f(37)?
14
Let a(b) = -b**2 - 118*b - 23. What is a(-118)?
-23
Let x(u) = -2*u**2 + 149*u - 1367. Calculate x(64).
-23
Let r(a) = -a**2 + 1642*a + 2. Calculate r(0).
2
Let n(r) = -10*r - 130. Give n(-5).
-80
Let b(c) = 2*c**3 - 59*c**2 + 22*c + 86. Calculate b(29).
-117
Let z(u) = u**3 + 2*u**2 + 4*u - 5. Determine z(0).
-5
Let j(n) = -42*n + 3250. Determine j(78).
-26
Let q(p) = 11*p**2 - 81*p + 166. Give q(4).
18
Let c(x) = -15*x + 885. Calculate c(21).
570
Let u(a) = 8*a**2 - 14*a - 394. Determine u(-6).
-22
Let d(i) = 1550*i - 9321. Calculate d(6).
-21
Let b(r) = -r**2 - 24*r + 322. Calculate b(10).
-18
Let t(l) = l**2 + 49*l + 503. Determine t(-21).
-85
Let h(o) = -6*o**2 - 157*o + 120. Give h(-27).
-15
Let m(c) = 32*c**2 - 570*c - 8. Determine m(18).
100
Let f(s) = 10*s + 21. What is f(-5)?
-29
Let g(f) = f**2 - 52*f - 155. Calculate g(55).
10
Let u(s) = 2*s**3 - 463*s**2 - 1658*s + 3052. Calculate u(235).
-3
Let j(w) = -94*w - 7321. What is j(-78)?
11
Let y(u) = u**3 - 7*u**2 + 4*u - 37. What is y(7)?
-9
Let n(x) = 7754*x + 62038. Give n(-8).
6
Let d(t) = -t**2 + 28*t - 94. What is d(19)?
77
Let a(z) = z**2 - 45*z - 475. Give a(57).
209
Let u(c) = 1761*c - 59875. Give u(34).
-1
Let j(d) = -71*d - 110. Give j(-3).
103
Let h(b) = -8*b**3 + 264*b**2 - 6*b - 24. What is h(33)?
-222
Let d(g) = 2*g**2 - g - 95. Determine d(-8).
41
Let y(o) = 12*o - 499. Determine y(45).
41
Let q(c) = -66*c - 3432. Give q(-52).
0
Let m(g) = -g**2 - 137*g - 4686. What is m(-63)?
-24
Let j(r) = -r**3 + 8*r**2 + 2*r - 46. Determine j(9).
-109
Let q(x) = -4*x**2 + 9*x + 17. Determine q(10).
-293
Let m(r) = 4307*r - 47384. What is m(11)?
-7
Let q(h) = 2*h**3 - 22*h**2 - 29*h + 40. Calculate q(12).
-20
Let h(k) = -k**2 + 29*k + 795. Calculate h(-21).
-255
Let n(x) = 2*x**3 - 4*x**2 + 8*x + 1. Determine n(2).
17
Let j(b) = -b**2 - 14*b + 21572. What is j(140)?
12
Let s(x) = -x**3 + 17*x**2 - 55*x + 65. Calculate s(13).
26
Let w(n) = 236*n - 170. Determine w(1).
66
Let k(i) = -i**2 - 3*i + 18. What is k(-6)?
0
Let j(i) = -17*i**2 - 185*i - 401. Calculate j(-8).
-9
Let m(c) = -3*c**2 + 166*c + 173. Give m(57).
-112
Let o(b) = -b**3 - 5*b**2 + 11*b + 26. Give o(-6).
-4
Let l(u) = -u**3 + 8*u**2 - 424*u + 2593. Calculate l(6).
121
Let n(j) = -26*j - 104. Determine n(-2).
-52
Let i(g) = 9*g**3 - 2*g**2 + 40*g - 79. What is i(2)?
65
Let i(w) = -386*w + 3095. Give i(8).
7
Let k(c) = -24*c**2 - 62*c + 196. Determine k(-7).
-546
Let s(k) = k**3 + 9*k**2 - 207*k + 66. Determine s(10).
-104
Let m(i) = 16*i + 104. Determine m(-6).
8
Let z(d) = -d**3 - 42*d**2 + 94*d + 241. Calculate z(-44).
-23
Let z(l) = 342*l - 2688. Give z(8).
48
Let u(l) = -l**3 + 7*l**2 - 14*l + 40. Calcu